{"id":20,"date":"2023-06-16T15:25:26","date_gmt":"2023-06-16T15:25:26","guid":{"rendered":"https:\/\/marmeladasamorena.es\/?page_id=20"},"modified":"2026-02-12T13:30:48","modified_gmt":"2026-02-12T13:30:48","slug":"inicio","status":"publish","type":"page","link":"https:\/\/marmeladasamorena.es\/","title":{"rendered":"Inicio"},"content":{"rendered":"<style>\/*! elementor - v3.14.0 - 26-06-2023 *\/<br \/>\n.elementor-widget-image{text-align:center}.elementor-widget-image a{display:inline-block}.elementor-widget-image a img[src$=\".svg\"]{width:48px}.elementor-widget-image img{vertical-align:middle;display:inline-block}<\/style>\n<p><img fetchpriority=\"high\" decoding=\"async\" src=\"https:\/\/marmeladasamorena.es\/wp-content\/uploads\/2023\/06\/slider-marmeladas-amorena.jpg\" sizes=\"(max-width: 1920px) 100vw, 1920px\" srcset=\"https:\/\/marmeladasamorena.es\/wp-content\/uploads\/2023\/06\/slider-marmeladas-amorena.jpg 1920w, https:\/\/marmeladasamorena.es\/wp-content\/uploads\/2023\/06\/slider-marmeladas-amorena-300x169.jpg 300w, https:\/\/marmeladasamorena.es\/wp-content\/uploads\/2023\/06\/slider-marmeladas-amorena-1024x576.jpg 1024w, https:\/\/marmeladasamorena.es\/wp-content\/uploads\/2023\/06\/slider-marmeladas-amorena-768x432.jpg 768w, https:\/\/marmeladasamorena.es\/wp-content\/uploads\/2023\/06\/slider-marmeladas-amorena-1536x864.jpg 1536w\" alt=\"\" width=\"1920\" height=\"1080\" \/><\/p>\n<p style=\"text-align: center;\">Mermeladas artesanales selectas&#8230;<\/p>\n<p style=\"text-align: center;\">Ar\u00e1ndano, kumquat, manzana y caf\u00e9, pomelo y pistacho, pera y almendra&#8230;.<\/p>\n<p><img decoding=\"async\" class=\"aligncenter\" src=\"https:\/\/marmeladasamorena.es\/wp-content\/uploads\/2023\/06\/mermelada-1.jpg\" sizes=\"(max-width: 650px) 100vw, 650px\" srcset=\"https:\/\/marmeladasamorena.es\/wp-content\/uploads\/2023\/06\/mermelada-1.jpg 650w, https:\/\/marmeladasamorena.es\/wp-content\/uploads\/2023\/06\/mermelada-1-260x300.jpg 260w\" alt=\"\" width=\"650\" height=\"750\" \/><\/p>\n<p style=\"text-align: center;\">Mermeladas artesanales selectas&#8230;<\/p>\n<p style=\"text-align: center;\">Ar\u00e1ndano, kumquat, manzana y caf\u00e9, pomelo y pistacho, pera y almendra&#8230;.<\/p>\n<p style=\"text-align: center;\">AZ\u00daCAR 12 al 20%<br \/>\nFRUTA 80%<br \/>\nARTESANA 100%<br \/>\nINNOVACI\u00d3N 100%<\/p>\n<p style=\"text-align: center;\"><img decoding=\"async\" class=\"aligncenter\" src=\"https:\/\/marmeladasamorena.es\/wp-content\/uploads\/2023\/06\/avoa-marmeladas-morena.jpg\" sizes=\"(max-width: 650px) 100vw, 650px\" srcset=\"https:\/\/marmeladasamorena.es\/wp-content\/uploads\/2023\/06\/avoa-marmeladas-morena.jpg 650w, https:\/\/marmeladasamorena.es\/wp-content\/uploads\/2023\/06\/avoa-marmeladas-morena-260x300.jpg 260w\" alt=\"\" width=\"516\" height=\"595\" \/><\/p>\n<p style=\"text-align: center;\">Coraz\u00f3n y pasi\u00f3n.<\/p>\n<p style=\"text-align: center;\">A Morena original era mi abuela que me<br \/>\nense\u00f1\u00f3 a hacer las cosas siempre con cari\u00f1o,<br \/>\nrespeto por el oficio y honestidad, y no pod\u00eda<br \/>\nllamar a mi proyecto de otra forma.<\/p>\n<p style=\"text-align: center;\"><strong>D\u00e9jate deleitar&#8230;<\/strong><\/p>\n<p style=\"text-align: center;\">\n<img loading=\"lazy\" decoding=\"async\" src=\"https:\/\/marmeladasamorena.es\/wp-content\/uploads\/2023\/06\/marmelada-kumquat.jpg\" sizes=\"(max-width: 600px) 100vw, 600px\" srcset=\"https:\/\/marmeladasamorena.es\/wp-content\/uploads\/2023\/06\/marmelada-kumquat.jpg 600w, https:\/\/marmeladasamorena.es\/wp-content\/uploads\/2023\/06\/marmelada-kumquat-277x300.jpg 277w\" alt=\"\" width=\"600\" height=\"650\" \/><br \/>\n<img loading=\"lazy\" decoding=\"async\" src=\"https:\/\/marmeladasamorena.es\/wp-content\/uploads\/2023\/06\/marmelada-arando.jpg\" sizes=\"(max-width: 600px) 100vw, 600px\" srcset=\"https:\/\/marmeladasamorena.es\/wp-content\/uploads\/2023\/06\/marmelada-arando.jpg 600w, https:\/\/marmeladasamorena.es\/wp-content\/uploads\/2023\/06\/marmelada-arando-277x300.jpg 277w\" alt=\"\" width=\"600\" height=\"650\" \/><br \/>\n<img loading=\"lazy\" decoding=\"async\" src=\"https:\/\/marmeladasamorena.es\/wp-content\/uploads\/2023\/06\/marmelada-pera-amendoa-2.jpg\" sizes=\"(max-width: 600px) 100vw, 600px\" srcset=\"https:\/\/marmeladasamorena.es\/wp-content\/uploads\/2023\/06\/marmelada-pera-amendoa-2.jpg 600w, https:\/\/marmeladasamorena.es\/wp-content\/uploads\/2023\/06\/marmelada-pera-amendoa-2-277x300.jpg 277w\" alt=\"\" width=\"600\" height=\"650\" \/><\/p>\n<p><strong>Y si quer\u00e9is degustar y charlar, visitad nuestro taller<\/strong><\/p>\n<section data-settings=\"{&quot;layout&quot;:&quot;masonry&quot;,&quot;columns_desktop&quot;:&quot;2&quot;,&quot;gutter_hr&quot;:10,&quot;gutter_hr_mobile&quot;:10,&quot;gutter_hr_mobile_extra&quot;:10,&quot;gutter_hr_tablet&quot;:10,&quot;gutter_hr_tablet_extra&quot;:10,&quot;gutter_hr_laptop&quot;:10,&quot;gutter_hr_widescreen&quot;:10,&quot;gutter_vr&quot;:10,&quot;gutter_vr_mobile&quot;:10,&quot;gutter_vr_mobile_extra&quot;:10,&quot;gutter_vr_tablet&quot;:10,&quot;gutter_vr_tablet_extra&quot;:10,&quot;gutter_vr_laptop&quot;:10,&quot;gutter_vr_widescreen&quot;:10,&quot;animation&quot;:&quot;zoom&quot;,&quot;animation_duration&quot;:0.3,&quot;animation_delay&quot;:0.1,&quot;deeplinking&quot;:&quot;&quot;,&quot;filters_default_filter&quot;:&quot;&quot;,&quot;filters_linkable&quot;:&quot;no&quot;,&quot;filters_count&quot;:&quot;&quot;,&quot;filters_hide_empty&quot;:&quot;no&quot;,&quot;filters_animation&quot;:&quot;default&quot;,&quot;filters_animation_duration&quot;:0.3,&quot;filters_animation_delay&quot;:0.1,&quot;pagination_type&quot;:&quot;load-more&quot;,&quot;pagination_max_pages&quot;:1,&quot;lightbox&quot;:{&quot;selector&quot;:&quot;.wpr-grid-image-wrap&quot;,&quot;iframeMaxWidth&quot;:&quot;60%&quot;,&quot;hash&quot;:false,&quot;autoplay&quot;:&quot;true&quot;,&quot;pause&quot;:5000,&quot;progressBar&quot;:&quot;true&quot;,&quot;counter&quot;:&quot;true&quot;,&quot;controls&quot;:&quot;true&quot;,&quot;getCaptionFromTitleOrAlt&quot;:&quot;true&quot;,&quot;thumbnail&quot;:&quot;&quot;,&quot;showThumbByDefault&quot;:&quot;&quot;,&quot;share&quot;:&quot;&quot;,&quot;zoom&quot;:&quot;true&quot;,&quot;fullScreen&quot;:&quot;true&quot;,&quot;download&quot;:&quot;true&quot;}}\">\n<article><img decoding=\"async\" src=\"https:\/\/marmeladasamorena.es\/wp-content\/uploads\/2023\/06\/053_a-morena-2.jpg\" alt=\"053_a morena-2\" \/><\/article>\n<article><img decoding=\"async\" src=\"https:\/\/marmeladasamorena.es\/wp-content\/uploads\/2023\/06\/054_a-morena-2.jpg\" alt=\"054_a morena-2\" \/><\/article>\n<article><img decoding=\"async\" src=\"https:\/\/marmeladasamorena.es\/wp-content\/uploads\/2023\/06\/055_a-morena-2.jpg\" alt=\"055_a morena-2\" \/><\/article>\n<article><img decoding=\"async\" src=\"https:\/\/marmeladasamorena.es\/wp-content\/uploads\/2023\/06\/056_a-morena-2.jpg\" alt=\"056_a morena-2\" \/><\/article>\n<\/section>\n<p style=\"text-align: center;\">Al ritmo de la naturaleza&#8230;<\/p>\n<p style=\"text-align: center;\">Nuestras mermeladas buscan la potenciaci\u00f3n de las frutas de temporada y el trabajo con los agricultores de proximidad en la medida do posible.<\/p>\n<p style=\"text-align: center;\">Gracias a esto logramos disminuir la huella de carbono y potenciar los sabores.<\/p>\n<p style=\"text-align: center;\"><img loading=\"lazy\" decoding=\"async\" src=\"https:\/\/marmeladasamorena.es\/wp-content\/uploads\/2023\/06\/frutas-temporada.jpg\" sizes=\"(max-width: 650px) 100vw, 650px\" srcset=\"https:\/\/marmeladasamorena.es\/wp-content\/uploads\/2023\/06\/frutas-temporada.jpg 650w, https:\/\/marmeladasamorena.es\/wp-content\/uploads\/2023\/06\/frutas-temporada-260x300.jpg 260w\" alt=\"\" width=\"650\" height=\"750\" \/><\/p>\n<p style=\"text-align: center;\"><em><strong>Muy pronto&#8230;<\/strong><\/em><\/p>\n<p style=\"text-align: center;\">Con mucho mimo&#8230;<\/p>\n<p style=\"text-align: center;\">Al elaborar nuestras mermeladas al ritmo de la naturaleza producimos un n\u00famero reducido de cada edici\u00f3n.<\/p>\n<p style=\"text-align: center;\">Pronto tendremos nuevos sabores.<\/p>\n","protected":false},"excerpt":{"rendered":"<p>Mermeladas artesanales selectas&#8230; Ar\u00e1ndano, kumquat, manzana y caf\u00e9, pomelo y pistacho, pera y almendra&#8230;. Mermeladas artesanales selectas&#8230; Ar\u00e1ndano, kumquat, manzana y caf\u00e9, pomelo y pistacho, pera y almendra&#8230;. AZ\u00daCAR 12 al 20% FRUTA 80% ARTESANA 100% INNOVACI\u00d3N 100% Coraz\u00f3n y pasi\u00f3n. A Morena original era mi abuela que me ense\u00f1\u00f3 a hacer las cosas siempre con cari\u00f1o, respeto por el oficio y honestidad, y no pod\u00eda llamar a mi proyecto de otra forma. D\u00e9jate deleitar&#8230; Y si quer\u00e9is degustar y charlar, visitad nuestro taller Al ritmo de la naturaleza&#8230; Nuestras mermeladas buscan la potenciaci\u00f3n de las frutas de temporada y el trabajo con los agricultores de proximidad en la medida do posible. Gracias a esto logramos disminuir la huella de carbono y potenciar los sabores. Muy pronto&#8230; Con mucho mimo&#8230; Al elaborar nuestras mermeladas al ritmo de la naturaleza producimos un n\u00famero reducido de cada edici\u00f3n. Pronto tendremos nuevos sabores.<\/p>\n","protected":false},"author":1,"featured_media":0,"parent":0,"menu_order":0,"comment_status":"closed","ping_status":"closed","template":"elementor_canvas","meta":{"footnotes":""},"class_list":["post-20","page","type-page","status-publish"],"aioseo_notices":[],"_links":{"self":[{"href":"https:\/\/marmeladasamorena.es\/index.php\/wp-json\/wp\/v2\/pages\/20","targetHints":{"allow":["GET"]}}],"collection":[{"href":"https:\/\/marmeladasamorena.es\/index.php\/wp-json\/wp\/v2\/pages"}],"about":[{"href":"https:\/\/marmeladasamorena.es\/index.php\/wp-json\/wp\/v2\/types\/page"}],"author":[{"embeddable":true,"href":"https:\/\/marmeladasamorena.es\/index.php\/wp-json\/wp\/v2\/users\/1"}],"replies":[{"embeddable":true,"href":"https:\/\/marmeladasamorena.es\/index.php\/wp-json\/wp\/v2\/comments?post=20"}],"version-history":[{"count":110,"href":"https:\/\/marmeladasamorena.es\/index.php\/wp-json\/wp\/v2\/pages\/20\/revisions"}],"predecessor-version":[{"id":316,"href":"https:\/\/marmeladasamorena.es\/index.php\/wp-json\/wp\/v2\/pages\/20\/revisions\/316"}],"wp:attachment":[{"href":"https:\/\/marmeladasamorena.es\/index.php\/wp-json\/wp\/v2\/media?parent=20"}],"curies":[{"name":"wp","href":"https:\/\/api.w.org\/{rel}","templated":true}]}}