{"id":3,"date":"2023-01-25T12:32:10","date_gmt":"2023-01-25T12:32:10","guid":{"rendered":"https:\/\/marmeladasamorena.es\/?page_id=3"},"modified":"2023-09-14T11:05:36","modified_gmt":"2023-09-14T11:05:36","slug":"politica-privacidad","status":"publish","type":"page","link":"https:\/\/marmeladasamorena.es\/index.php\/politica-privacidad\/","title":{"rendered":"Pol\u00edtica de privacidad"},"content":{"rendered":"\n<p>De acuerdo con la normativa de Protecci\u00f3n de Datos de Car\u00e1cter Personal, procedemos a informarle del tratamiento de datos personales que realizamos de nuestros clientes y\/o usuarios de la presente p\u00e1gina web.<\/p>\n\n\n\n<h2 class=\"wp-block-heading\">1. Responsable de tratamiento de los datos<\/h2>\n\n\n\n<p>CRISTINA RODR\u00cdGUEZ EIJO<\/p>\n\n\n\n<p>CIF: 77597241W<\/p>\n\n\n\n<p>LUGAR O RATO 1, SARGADELOS \u2013 27891 CERVO, LUGO<\/p>\n\n\n\n<p>info@marmeladasamorena.es<\/p>\n\n\n\n<h2 class=\"wp-block-heading\">2. Finalidad del tratamiento, legitimaci\u00f3n y plazo de conservaci\u00f3n.<\/h2>\n\n\n\n<p>CRISTINA RODR\u00cdGUEZ EIJO podr\u00e1 tratar sus datos de car\u00e1cter personal de acuerdo con las siguientes finalidades:<\/p>\n\n\n\n<p><strong>Servicio de atenci\u00f3n al usuario a trav\u00e9s del formulario de contacto y\/o env\u00edo de correos electr\u00f3nicos<\/strong><\/p>\n\n\n\n<p><strong>Finalidad de tratamiento<\/strong>: trataremos los datos estrictamente necesarios para gestionar su petici\u00f3n.<\/p>\n\n\n\n<p><strong>Legitimaci\u00f3n<\/strong>: existe un inter\u00e9s leg\u00edtimo por ambas partes para la resoluci\u00f3n de solicitudes o consultas.<\/p>\n\n\n\n<p>En caso de reclamaciones relacionadas con nuestros productos o servicios, la legitimaci\u00f3n es el cumplimiento de obligaciones legales por nuestra parte.<\/p>\n\n\n\n<p><strong>Plazo de conservaci\u00f3n:<\/strong>&nbsp;el tiempo necesario para dar respuesta a su solicitud y en cualquier caso, hasta que transcurra el plazo de prescripci\u00f3n de posibles acciones de responsabilidad derivadas del tratamiento.<\/p>\n\n\n\n<h2 class=\"wp-block-heading\">3. Destinatarios de cesiones<\/h2>\n\n\n\n<p>No cederemos sus datos a terceros, salvo para dar cumplimiento a una obligaci\u00f3n legal.<\/p>\n\n\n\n<h2 class=\"wp-block-heading\">4. Pol\u00edtica de cookies<\/h2>\n\n\n\n<p>Para revisar el tratamiento de datos relativo a las cookies, puede consultar la&nbsp;<a href=\"https:\/\/marmeladasamorena.es\/index.php\/politica-cookies\">pol\u00edtica de cookies<\/a>, disponible en esta misma p\u00e1gina web.<\/p>\n\n\n\n<p>Podr\u00e1 configurar sus preferencias respecto al uso de cookies en el propio aviso de configuraci\u00f3n de cookies.<\/p>\n\n\n\n<h2 class=\"wp-block-heading\">5. Derechos<\/h2>\n\n\n\n<p>Cualquier persona tiene derecho a solicitar el acceso a los datos personales que le conciernen, a solicitar su rectificaci\u00f3n o supresi\u00f3n, a solicitar la limitaci\u00f3n de su tratamiento, a oponerse a su tratamiento (si hay inter\u00e9s p\u00fablico o inter\u00e9s leg\u00edtimo) y\/o el derecho a la portabilidad de los datos.&nbsp; En todos los casos podr\u00e1 ejercer sus derechos por correo electr\u00f3nico dirigido a info@marmeladasamorena.es, acompa\u00f1ado de copia del documento de identidad. Cualquier persona puede presentar una reclamaci\u00f3n ante la Agencia Espa\u00f1ola de Protecci\u00f3n de Datos, estando los formularios disponibles en la web&nbsp;<a rel=\"noreferrer noopener\" href=\"https:\/\/www.agpd.es\/\" target=\"_blank\">www.agpd.es<\/a>&nbsp;en caso de considerar que sus derechos no han sido satisfechos.<\/p>\n\n\n\n<p>Si considera que no hemos atendido correctamente sus derechos, podr\u00e1 formular una reclamaci\u00f3n ante la Agencia Espa\u00f1ola de Protecci\u00f3n de Datos, a trav\u00e9s de las siguientes v\u00edas:<\/p>\n\n\n\n<ul class=\"wp-block-list\">\n<li>Sede electr\u00f3nica:&nbsp;<a href=\"http:\/\/www.aepd.es\/\" target=\"_blank\" rel=\"noreferrer noopener\">aepd.es<\/a><\/li>\n\n\n\n<li>Correo postal: C\/ Jorge Juan 6, 28001 \u2013 Madrid<\/li>\n\n\n\n<li>Tel\u00e9fono: 901 100 099 \u2013 91 266 35 17<\/li>\n<\/ul>\n\n\n\n<h2 class=\"wp-block-heading\">6. Medidas de seguridad<\/h2>\n\n\n\n<p>CRISTINA RODR\u00cdGUEZ EIJO tiene implantadas las medidas t\u00e9cnicas y organizativas necesarias para garantizar la seguridad de sus datos de car\u00e1cter personal y evitar su alteraci\u00f3n, la p\u00e9rdida y el tratamiento y\/o el acceso no autorizado, teniendo en cuenta el estado de la tecnolog\u00eda, la naturaleza de los datos almacenados y los riesgos provenientes de la acci\u00f3n humana o del medio f\u00edsico y natural a que est\u00e1n expuestas.<\/p>\n","protected":false},"excerpt":{"rendered":"<p>De acuerdo con la normativa de Protecci\u00f3n de Datos de Car\u00e1cter Personal, procedemos a informarle del tratamiento de datos personales que realizamos de nuestros clientes y\/o usuarios de la presente p\u00e1gina web. 1. Responsable de tratamiento de los datos CRISTINA RODR\u00cdGUEZ EIJO CIF: 77597241W LUGAR O RATO 1, SARGADELOS \u2013 27891 CERVO, LUGO info@marmeladasamorena.es 2. Finalidad del tratamiento, legitimaci\u00f3n y plazo de conservaci\u00f3n. CRISTINA RODR\u00cdGUEZ EIJO podr\u00e1 tratar sus datos de car\u00e1cter personal de acuerdo con las siguientes finalidades: Servicio de atenci\u00f3n al usuario a trav\u00e9s del formulario de contacto y\/o env\u00edo de correos electr\u00f3nicos Finalidad de tratamiento: trataremos los datos estrictamente necesarios para gestionar su petici\u00f3n. Legitimaci\u00f3n: existe un inter\u00e9s leg\u00edtimo por ambas partes para la resoluci\u00f3n de solicitudes o consultas. En caso de reclamaciones relacionadas con nuestros productos o servicios, la legitimaci\u00f3n es el cumplimiento de obligaciones legales por nuestra parte. Plazo de conservaci\u00f3n:&nbsp;el tiempo necesario para dar respuesta a su solicitud y en cualquier caso, hasta que transcurra el plazo de prescripci\u00f3n de posibles acciones de responsabilidad derivadas del tratamiento. 3. Destinatarios de cesiones No cederemos sus datos a terceros, salvo para dar cumplimiento a una obligaci\u00f3n legal. 4. Pol\u00edtica de cookies Para revisar el tratamiento de datos relativo a las cookies, puede consultar la&nbsp;pol\u00edtica de cookies, disponible en esta misma p\u00e1gina web. Podr\u00e1 configurar sus preferencias respecto al uso de cookies en el propio aviso de configuraci\u00f3n de cookies. 5. Derechos Cualquier persona tiene derecho a solicitar el acceso a los datos personales que le conciernen, a solicitar su rectificaci\u00f3n o supresi\u00f3n, a solicitar la limitaci\u00f3n de su tratamiento, a oponerse a su tratamiento (si hay inter\u00e9s p\u00fablico o inter\u00e9s leg\u00edtimo) y\/o el derecho a la portabilidad de los datos.&nbsp; En todos los casos podr\u00e1 ejercer sus derechos por correo electr\u00f3nico dirigido a info@marmeladasamorena.es, acompa\u00f1ado de copia del documento de identidad. Cualquier persona puede presentar una reclamaci\u00f3n ante la Agencia Espa\u00f1ola de Protecci\u00f3n de Datos, estando los formularios disponibles en la web&nbsp;www.agpd.es&nbsp;en caso de considerar que sus derechos no han sido satisfechos. Si considera que no hemos atendido correctamente sus derechos, podr\u00e1 formular una reclamaci\u00f3n ante la Agencia Espa\u00f1ola de Protecci\u00f3n de Datos, a trav\u00e9s de las siguientes v\u00edas: 6. Medidas de seguridad CRISTINA RODR\u00cdGUEZ EIJO tiene implantadas las medidas t\u00e9cnicas y organizativas necesarias para garantizar la seguridad de sus datos de car\u00e1cter personal y evitar su alteraci\u00f3n, la p\u00e9rdida y el tratamiento y\/o el acceso no autorizado, teniendo en cuenta el estado de la tecnolog\u00eda, la naturaleza de los datos almacenados y los riesgos provenientes de la acci\u00f3n humana o del medio f\u00edsico y natural a que est\u00e1n expuestas.<\/p>\n","protected":false},"author":1,"featured_media":0,"parent":0,"menu_order":0,"comment_status":"closed","ping_status":"closed","template":"","meta":{"footnotes":""},"class_list":["post-3","page","type-page","status-publish"],"aioseo_notices":[],"_links":{"self":[{"href":"https:\/\/marmeladasamorena.es\/index.php\/wp-json\/wp\/v2\/pages\/3","targetHints":{"allow":["GET"]}}],"collection":[{"href":"https:\/\/marmeladasamorena.es\/index.php\/wp-json\/wp\/v2\/pages"}],"about":[{"href":"https:\/\/marmeladasamorena.es\/index.php\/wp-json\/wp\/v2\/types\/page"}],"author":[{"embeddable":true,"href":"https:\/\/marmeladasamorena.es\/index.php\/wp-json\/wp\/v2\/users\/1"}],"replies":[{"embeddable":true,"href":"https:\/\/marmeladasamorena.es\/index.php\/wp-json\/wp\/v2\/comments?post=3"}],"version-history":[{"count":3,"href":"https:\/\/marmeladasamorena.es\/index.php\/wp-json\/wp\/v2\/pages\/3\/revisions"}],"predecessor-version":[{"id":279,"href":"https:\/\/marmeladasamorena.es\/index.php\/wp-json\/wp\/v2\/pages\/3\/revisions\/279"}],"wp:attachment":[{"href":"https:\/\/marmeladasamorena.es\/index.php\/wp-json\/wp\/v2\/media?parent=3"}],"curies":[{"name":"wp","href":"https:\/\/api.w.org\/{rel}","templated":true}]}}

Política de privacidad

<p>De acuerdo con la normativa de Protección de Datos de Carácter Personal, procedemos a informarle del tratamiento de datos personales que realizamos de nuestros clientes y/o usuarios de la presente página web.</p>



<h2 class="wp-block-heading">1. Responsable de tratamiento de los datos</h2>



<p>CRISTINA RODRÍGUEZ EIJO</p>



<p>CIF: 77597241W</p>



<p>LUGAR O RATO 1, SARGADELOS – 27891 CERVO, LUGO</p>



<p>info@marmeladasamorena.es</p>



<h2 class="wp-block-heading">2. Finalidad del tratamiento, legitimación y plazo de conservación.</h2>



<p>CRISTINA RODRÍGUEZ EIJO podrá tratar sus datos de carácter personal de acuerdo con las siguientes finalidades:</p>



<p><strong>Servicio de atención al usuario a través del formulario de contacto y/o envío de correos electrónicos</strong></p>



<p><strong>Finalidad de tratamiento</strong>: trataremos los datos estrictamente necesarios para gestionar su petición.</p>



<p><strong>Legitimación</strong>: existe un interés legítimo por ambas partes para la resolución de solicitudes o consultas.</p>



<p>En caso de reclamaciones relacionadas con nuestros productos o servicios, la legitimación es el cumplimiento de obligaciones legales por nuestra parte.</p>



<p><strong>Plazo de conservación:</strong>&nbsp;el tiempo necesario para dar respuesta a su solicitud y en cualquier caso, hasta que transcurra el plazo de prescripción de posibles acciones de responsabilidad derivadas del tratamiento.</p>



<h2 class="wp-block-heading">3. Destinatarios de cesiones</h2>



<p>No cederemos sus datos a terceros, salvo para dar cumplimiento a una obligación legal.</p>



<h2 class="wp-block-heading">4. Política de cookies</h2>



<p>Para revisar el tratamiento de datos relativo a las cookies, puede consultar la&nbsp;<a href="https://marmeladasamorena.es/index.php/politica-cookies">política de cookies</a>, disponible en esta misma página web.</p>



<p>Podrá configurar sus preferencias respecto al uso de cookies en el propio aviso de configuración de cookies.</p>



<h2 class="wp-block-heading">5. Derechos</h2>



<p>Cualquier persona tiene derecho a solicitar el acceso a los datos personales que le conciernen, a solicitar su rectificación o supresión, a solicitar la limitación de su tratamiento, a oponerse a su tratamiento (si hay interés público o interés legítimo) y/o el derecho a la portabilidad de los datos.&nbsp; En todos los casos podrá ejercer sus derechos por correo electrónico dirigido a info@marmeladasamorena.es, acompañado de copia del documento de identidad. Cualquier persona puede presentar una reclamación ante la Agencia Española de Protección de Datos, estando los formularios disponibles en la web&nbsp;<a rel="noreferrer noopener" href="https://www.agpd.es/" target="_blank">www.agpd.es</a>&nbsp;en caso de considerar que sus derechos no han sido satisfechos.</p>



<p>Si considera que no hemos atendido correctamente sus derechos, podrá formular una reclamación ante la Agencia Española de Protección de Datos, a través de las siguientes vías:</p>



<ul class="wp-block-list">
<li>Sede electrónica:&nbsp;<a href="http://www.aepd.es/" target="_blank" rel="noreferrer noopener">aepd.es</a></li>



<li>Correo postal: C/ Jorge Juan 6, 28001 – Madrid</li>



<li>Teléfono: 901 100 099 – 91 266 35 17</li>
</ul>



<h2 class="wp-block-heading">6. Medidas de seguridad</h2>



<p>CRISTINA RODRÍGUEZ EIJO tiene implantadas las medidas técnicas y organizativas necesarias para garantizar la seguridad de sus datos de carácter personal y evitar su alteración, la pérdida y el tratamiento y/o el acceso no autorizado, teniendo en cuenta el estado de la tecnología, la naturaleza de los datos almacenados y los riesgos provenientes de la acción humana o del medio físico y natural a que están expuestas.</p>

<p>De acuerdo con la normativa de Protección de Datos de Carácter Personal, procedemos a informarle del tratamiento de datos personales que realizamos de nuestros clientes y/o usuarios de la presente página web. 1. Responsable de tratamiento de los datos CRISTINA RODRÍGUEZ EIJO CIF: 77597241W LUGAR O RATO 1, SARGADELOS – 27891 CERVO, LUGO info@marmeladasamorena.es 2. Finalidad del tratamiento, legitimación y plazo de conservación. CRISTINA RODRÍGUEZ EIJO podrá tratar sus datos de carácter personal de acuerdo con las siguientes finalidades: Servicio de atención al usuario a través del formulario de contacto y/o envío de correos electrónicos Finalidad de tratamiento: trataremos los datos estrictamente necesarios para gestionar su petición. Legitimación: existe un interés legítimo por ambas partes para la resolución de solicitudes o consultas. En caso de reclamaciones relacionadas con nuestros productos o servicios, la legitimación es el cumplimiento de obligaciones legales por nuestra parte. Plazo de conservación:&nbsp;el tiempo necesario para dar respuesta a su solicitud y en cualquier caso, hasta que transcurra el plazo de prescripción de posibles acciones de responsabilidad derivadas del tratamiento. 3. Destinatarios de cesiones No cederemos sus datos a terceros, salvo para dar cumplimiento a una obligación legal. 4. Política de cookies Para revisar el tratamiento de datos relativo a las cookies, puede consultar la&nbsp;política de cookies, disponible en esta misma página web. Podrá configurar sus preferencias respecto al uso de cookies en el propio aviso de configuración de cookies. 5. Derechos Cualquier persona tiene derecho a solicitar el acceso a los datos personales que le conciernen, a solicitar su rectificación o supresión, a solicitar la limitación de su tratamiento, a oponerse a su tratamiento (si hay interés público o interés legítimo) y/o el derecho a la portabilidad de los datos.&nbsp; En todos los casos podrá ejercer sus derechos por correo electrónico dirigido a info@marmeladasamorena.es, acompañado de copia del documento de identidad. Cualquier persona puede presentar una reclamación ante la Agencia Española de Protección de Datos, estando los formularios disponibles en la web&nbsp;www.agpd.es&nbsp;en caso de considerar que sus derechos no han sido satisfechos. Si considera que no hemos atendido correctamente sus derechos, podrá formular una reclamación ante la Agencia Española de Protección de Datos, a través de las siguientes vías: 6. Medidas de seguridad CRISTINA RODRÍGUEZ EIJO tiene implantadas las medidas técnicas y organizativas necesarias para garantizar la seguridad de sus datos de carácter personal y evitar su alteración, la pérdida y el tratamiento y/o el acceso no autorizado, teniendo en cuenta el estado de la tecnología, la naturaleza de los datos almacenados y los riesgos provenientes de la acción humana o del medio físico y natural a que están expuestas.</p>
